nder when 140090 is divided by 8883.
6845
What is the remainder when 6465235 is divided by 1843?
1834
Calculate the remainder when 409373 is divided by 200.
173
What is the remainder when 180054 is divided by 1034?
138
What is the remainder when 23020 is divided by 1419?
316
Calculate the remainder when 61911 is divided by 1438.
77
What is the remainder when 5101199 is divided by 2668?
2651
Calculate the remainder when 8268715 is divided by 206.
81
Calculate the remainder when 11441426 is divided by 910.
906
Calculate the remainder when 7692 is divided by 925.
292
What is the remainder when 156855 is divided by 956?
71
Calculate the remainder when 49278735 is divided by 12833.
15
Calculate the remainder when 15833195 is divided by 5134.
5073
Calculate the remainder when 7601466 is divided by 707.
509
What is the remainder when 1798575 is divided by 105798?
9
What is the remainder when 39274 is divided by 231?
4
Calculate the remainder when 261744019 is divided by 63.
61
What is the remainder when 6066682 is divided by 57?
1
What is the remainder when 6345927 is divided by 211520?
327
What is the remainder when 43700376 is divided by 181?
98
Calculate the remainder when 3268318 is divided by 574.
536
Calculate the remainder when 560868 is divided by 118.
14
What is the remainder when 157198 is divided by 48?
46
Calculate the remainder when 36310246 is divided by 13.
11
Calculate the remainder when 201810 is divided by 201755.
55
What is the remainder when 90886 is divided by 1442?
40
What is the remainder when 876738 is divided by 25768?
626
What is the remainder when 83362 is divided by 423?
31
What is the remainder when 19266 is divided by 5804?
1854
What is the remainder when 60142975 is divided by 82?
75
Calculate the remainder when 22440013 is divided by 161.
155
What is the remainder when 220087839 is divided by 40?
39
What is the remainder when 101572356 is divided by 37?
30
Calculate the remainder when 1092177 is divided by 831.
243
Calculate the remainder when 13572717 is divided by 15565.
37
What is the remainder when 88702 is divided by 163?
30
Calculate the remainder when 745182 is divided by 371316.
2550
Calculate the remainder when 84458 is divided by 19643.
5886
What is the remainder when 35698 is divided by 16388?
2922
What is the remainder when 2652409 is divided by 294707?
46
What is the remainder when 7401058 is divided by 113?
10
What is the remainder when 1132391 is divided by 396?
227
Calculate the remainder when 2408010 is divided by 1768.
1762
Calculate the remainder when 873104 is divided by 234.
50
What is the remainder when 2665190 is divided by 1311?
1238
Calculate the remainder when 320187 is divided by 160071.
45
Calculate the remainder when 91530 is divided by 21345.
6150
What is the remainder when 3349098 is divided by 1116354?
36
What is the remainder when 155170 is divided by 1326?
28
What is the remainder when 114589 is divided by 318?
109
What is the remainder when 90922622 is divided by 1082?
1080
Calculate the remainder when 3277 is divided by 1135.
1007
Calculate the remainder when 472217 is divided by 458.
19
What is the remainder when 9345 is divided by 12?
9
Calculate the remainder when 3116583 is divided by 38007.
9
What is the remainder when 29965832 is divided by 310?
302
What is the remainder when 4136735 is divided by 96?
95
What is the remainder when 6059273 is divided by 3437?
3279
What is the remainder when 67282471 is divided by 313?
304
What is the remainder when 5060339 is divided by 2530109?
121
Calculate the remainder when 2025930 is divided by 19.
17
Calculate the remainder when 60101913 is divided by 173.
156
Calculate the remainder when 7296347 is divided by 49635.
2
Calculate the remainder when 867559 is divided by 899.
24
Calculate the remainder when 8306608 is divided by 247.
245
What is the remainder when 1921387 is divided by 4652?
111
What is the remainder when 11187793 is divided by 360895?
48
Calculate the remainder when 445182 is divided by 1509.
27
Calculate the remainder when 352523 is divided by 15928.
2107
Calculate the remainder when 135347693 is divided by 12.
5
What is the remainder when 258447466 is divided by 345518?
2
Calculate the remainder when 394809 is divided by 4802.
1045
What is the remainder when 359678 is divided by 1123?
318
Calculate the remainder when 70028 is divided by 5.
3
What is the remainder when 10084868 is divided by 11268?
8
Calculate the remainder when 95132 is divided by 213.
134
What is the remainder when 11892 is divided by 2079?
1497
What is the remainder when 150892091 is divided by 11?
9
Calculate the remainder when 168185 is divided by 33633.
20
Calculate the remainder when 16215468 is divided by 172.
168
Calculate the remainder when 382841 is divided by 5632.
5497
Calculate the remainder when 1112510 is divided by 13.
9
Calculate the remainder when 129025567 is divided by 39.
34
What is the remainder when 6909086 is divided by 16?
14
Calculate the remainder when 3216 is divided by 901.
513
What is the remainder when 264957 is divided by 132160?
637
Calculate the remainder when 3929080 is divided by 3929067.
13
Calculate the remainder when 148435 is divided by 3908.
3839
Calculate the remainder when 1763241 is divided by 881617.
7
Calculate the remainder when 13692379 is divided by 3401.
3354
What is the remainder when 232741 is divided by 490?
481
What is the remainder when 336833 is divided by 245?
203
Calculate the remainder when 1641855 is divided by 1301.
1294
What is the remainder when 7245106 is divided by 117?
115
Calculate the remainder when 97072 is divided by 789.
25
What is the remainder when 19822065 is divided by 1071?
1068
Calculate the remainder when 3810140 is divided by 45901.
357
What is the remainder when 17867434 is divided by 5164?
5158
Calculate the remainder when 203167 is divided by 5975.
17
Calculate the remainder when 11450615 is divided by 164.
135
What is the remainder when 57296482 is divided by 126?
124
What is the remainder when 248035 is divided by 117?
112
Calculate the remainder when 90340 is divided by 90310.
30
What is the remainder when 734182 is divided by 136?
54
What is the remainder when 198627 is divided by 99311?
5
Calculate the remainder when 173772 is divided by 451.
137
Calculate the remainder when 3097972 is divided by 5435.
22
What is the remainder when 5228032 is divided by 1742652?
76
Calculate the remainder when 10465 is divided by 10213.
252
Calculate the remainder when 228251 is divided by 9797.
2920
Calculate the remainder when 28607120 is divided by 1092.
1088
What is the remainder when 32420 is divided by 139?
33
What is the remainder when 149676565 is divided by 26?
25
Calculate the remainder when 30505064 is divided by 141.
137
Calculate the remainder when 13036056 is divided by 1777.
1761
Calculate the remainder when 11877268 is divided by 119.
116
Calculate the remainder when 8259636 is divided by 37.
15
What is the remainder when 35785902 is divided by 937?
935
Calculate the remainder when 55895 is divided by 235.
200
Calculate the remainder when 12099261 is divided by 366644.
9
Calculate the remainder when 279732 is divided by 55512.
2172
What is the remainder when 15270574 is divided by 260?
254
Calculate the remainder when 6808 is divided by 1742.
1582
What is the remainder when 50704700 is divided by 61090?
0
Calculate the remainder when 447247 is divided by 1242.
127
Calculate the remainder when 4674089 is divided by 534.
521
Calculate the remainder when 5879911 is divided by 37.
19
Calculate the remainder when 10905171 is divided by 202.
201
Calculate the remainder when 17973413 is divided by 9.
8
Calculate the remainder when 591745 is divided by 105.
70
Calculate the remainder when 1194528 is divided by 4328.
0
Calculate the remainder when 470420 is divided by 1522.
122
Calculate the remainder when 5001440 is divided by 691.
673
Calculate the remainder when 50335 is divided by 2142.
1069
What is the remainder when 473343 is divided by 67566?
381
What is the remainder when 5191683 is divided by 69?
54
What is the remainder when 21964366 is divided by 153?
145
Calculate the remainder when 30214 is divided by 928.
518
What is the remainder when 15403898 is divided by 155